the highest common factor of 500 and 60.
20
What is the greatest common divisor of 69 and 1679?
23
What is the greatest common divisor of 3069 and 31?
31
What is the highest common factor of 2224 and 16?
16
What is the greatest common divisor of 65 and 15?
5
Calculate the highest common divisor of 103 and 103.
103
Calculate the greatest common factor of 1175 and 4465.
235
What is the greatest common factor of 720 and 405?
45
Calculate the highest common divisor of 24 and 273.
3
Calculate the highest common factor of 12 and 2724.
12
Calculate the greatest common divisor of 3879 and 9.
9
Calculate the highest common divisor of 1701 and 63.
63
What is the highest common divisor of 75 and 645?
15
Calculate the greatest common factor of 14 and 19236.
14
Calculate the greatest common divisor of 592 and 37.
37
Calculate the highest common factor of 3596 and 248.
124
Calculate the highest common divisor of 5968 and 16.
16
Calculate the highest common factor of 950 and 50.
50
Calculate the highest common divisor of 12348 and 216.
36
What is the highest common factor of 756 and 81?
27
Calculate the greatest common factor of 232 and 29.
29
What is the greatest common divisor of 40 and 250?
10
What is the greatest common factor of 40 and 172?
4
Calculate the highest common divisor of 99 and 55.
11
Calculate the highest common divisor of 17 and 4131.
17
What is the greatest common divisor of 480 and 6560?
160
What is the highest common divisor of 208 and 65?
13
Calculate the greatest common factor of 455 and 14287.
91
Calculate the highest common factor of 182 and 39.
13
What is the greatest common factor of 4752 and 96?
48
Calculate the highest common divisor of 427 and 4.
1
Calculate the highest common factor of 15719 and 11.
11
What is the greatest common factor of 1140 and 20?
20
Calculate the highest common divisor of 606 and 36.
6
Calculate the highest common divisor of 14 and 8.
2
What is the greatest common divisor of 56 and 1484?
28
What is the greatest common divisor of 83 and 22991?
83
What is the greatest common divisor of 83 and 3237?
83
What is the greatest common factor of 42 and 126?
42
Calculate the highest common divisor of 2385 and 45.
45
Calculate the greatest common factor of 624 and 39.
39
What is the greatest common divisor of 6 and 15?
3
Calculate the greatest common factor of 39 and 1248.
39
What is the greatest common factor of 4768 and 32?
32
What is the greatest common divisor of 793 and 26?
13
Calculate the greatest common divisor of 1 and 1009.
1
What is the highest common factor of 836 and 1408?
44
Calculate the greatest common factor of 315 and 2100.
105
Calculate the greatest common divisor of 11 and 6589.
11
What is the greatest common divisor of 23 and 69?
23
Calculate the highest common factor of 71 and 1.
1
Calculate the highest common divisor of 836 and 133.
19
What is the highest common factor of 1924 and 208?
52
What is the greatest common factor of 3 and 7?
1
What is the greatest common factor of 101 and 909?
101
What is the highest common divisor of 686 and 1568?
98
What is the greatest common factor of 37 and 37?
37
Calculate the greatest common divisor of 804 and 12.
12
Calculate the greatest common divisor of 648 and 64.
8
Calculate the greatest common factor of 4 and 1336.
4
Calculate the highest common divisor of 102 and 408.
102
What is the highest common divisor of 189 and 840?
21
What is the highest common divisor of 156 and 14001?
39
Calculate the greatest common divisor of 7803 and 27.
27
What is the highest common divisor of 5599 and 11?
11
Calculate the highest common factor of 31 and 15.
1
Calculate the highest common factor of 92 and 5773.
23
Calculate the greatest common divisor of 78 and 130.
26
Calculate the highest common divisor of 7 and 34531.
7
What is the highest common divisor of 7 and 2429?
7
Calculate the highest common factor of 48 and 80.
16
What is the greatest common divisor of 128 and 80?
16
Calculate the highest common divisor of 447 and 21.
3
Calculate the highest common factor of 9 and 1611.
9
Calculate the highest common factor of 56 and 40.
8
Calculate the highest common factor of 11888 and 32.
16
Calculate the greatest common factor of 88 and 33.
11
What is the greatest common factor of 1080 and 40?
40
Calculate the highest common divisor of 403 and 93.
31
Calculate the greatest common divisor of 9205 and 175.
35
Calculate the highest common divisor of 1053 and 39.
39
What is the highest common divisor of 9 and 747?
9
Calculate the highest common divisor of 5185 and 915.
305
What is the greatest common factor of 14934 and 6?
6
Calculate the greatest common factor of 39 and 221.
13
What is the greatest common factor of 496 and 1240?
248
Calculate the greatest common factor of 196 and 52.
4
Calculate the highest common factor of 15 and 1245.
15
What is the highest common divisor of 22 and 44?
22
Calculate the greatest common divisor of 116 and 17284.
116
What is the highest common divisor of 1 and 161?
1
Calculate the greatest common factor of 6 and 123.
3
Calculate the highest common factor of 43 and 8213.
43
What is the highest common divisor of 3 and 10992?
3
What is the greatest common divisor of 76 and 114?
38
What is the highest common divisor of 4 and 82?
2
What is the greatest common factor of 189 and 7?
7
What is the highest common divisor of 52 and 28?
4
What is the highest common divisor of 2576 and 3703?
161
Calculate the greatest common divisor of 516 and 8.
4
Calculate the highest common divisor of 759 and 138.
69
Calculate the highest common factor of 15029 and 7.
7
What is the highest common factor of 1491 and 21?
21
What is the highest common factor of 473 and 11?
11
What is the greatest common divisor of 110 and 605?
55
What is the highest common divisor of 3264 and 96?
96
Calculate the highest common divisor of 69 and 1633.
23
Calculate the highest common divisor of 248 and 28.
4
What is the greatest common divisor of 32 and 10456?
8
Calculate the greatest common factor of 27 and 729.
27
What is the highest common divisor of 2793 and 57?
57
Calculate the highest common divisor of 1155 and 77.
77
What is the greatest common divisor of 131 and 20567?
131
What is the greatest common factor of 45 and 120?
15
What is the highest common divisor of 110 and 10450?
110
What is the highest common divisor of 53 and 2173?
53
What is the highest common factor of 424 and 1007?
53
Calculate the highest common divisor of 75 and 15.
15
What is the highest common factor of 330 and 594?
66
Calculate the highest common factor of 52 and 3.
1
Calculate the greatest common factor of 1749 and 477.
159
What is the highest common factor of 42 and 4431?
21
What is the highest common divisor of 57921 and 258?
129
What is the greatest common factor of 1085 and 6727?
217
What is the highest common factor of 21 and 525?
21
Calculate the greatest common divisor of 190 and 133.
19
What is the highest common factor of 75 and 690?
15
Calculate the highest common factor of 36 and 412.
4
Calculate the greatest common divisor of 4424 and 28.
28
Calculate the greatest common factor of 464 and 12.
4
What is the highest common factor of 112 and 168?
56
Calculate the greatest common divisor of 840 and 126.
42
What is the greatest common factor of 240 and 780?
60
Calculate the greatest common divisor of 38 and 950.
38
What is the highest common factor of 1200 and 405?
15
What is the greatest common factor of 1 and 157?
1
Calculate the highest common factor of 16 and 120.
8
Calculate the highest common divisor of 1244 and 1.
1
What is the greatest common factor of 238 and 406?
14
Calculate the highest common divisor of 23 and 1633.
23
Calculate the greatest common divisor of 23130 and 54.
18
Calculate the highest common factor of 1034 and 94.
94
What is the greatest common factor of 15024 and 240?
48
Calculate the highest common divisor of 29 and 10121.
29
What is the highest common factor of 160 and 3360?
160
Calculate the greatest common divisor of 410 and 30.
10
Calculate the highest common divisor of 135 and 81.
27
What is the highest common divisor of 48 and 620?
4
What is the greatest common factor of 704 and 64?
64
Calculate the highest common factor of 480 and 360.
120
Calculate the highest co